tors of 106.
2, 53
List the prime factors of 8780.
2, 5, 439
What are the prime factors of 18686?
2, 9343
What are the prime factors of 13280?
2, 5, 83
List the prime factors of 8005.
5, 1601
List the prime factors of 10253.
10253
List the prime factors of 12407.
19, 653
What are the prime factors of 7811?
73, 107
What are the prime factors of 206?
2, 103
List the prime factors of 4548.
2, 3, 379
What are the prime factors of 3060?
2, 3, 5, 17
List the prime factors of 26761.
7, 3823
List the prime factors of 1329.
3, 443
List the prime factors of 5298.
2, 3, 883
What are the prime factors of 59018?
2, 23, 1283
List the prime factors of 785.
5, 157
What are the prime factors of 1268?
2, 317
What are the prime factors of 21858?
2, 3, 3643
List the prime factors of 62389.
89, 701
What are the prime factors of 429?
3, 11, 13
What are the prime factors of 28231?
7, 37, 109
List the prime factors of 30.
2, 3, 5
What are the prime factors of 101?
101
What are the prime factors of 5576?
2, 17, 41
List the prime factors of 46018.
2, 7, 19, 173
List the prime factors of 6084.
2, 3, 13
List the prime factors of 78.
2, 3, 13
List the prime factors of 1340.
2, 5, 67
What are the prime factors of 70906?
2, 11, 293
What are the prime factors of 17622?
2, 3, 11, 89
List the prime factors of 1416.
2, 3, 59
List the prime factors of 45936.
2, 3, 11, 29
What are the prime factors of 85085?
5, 7, 11, 13, 17
List the prime factors of 23848.
2, 11, 271
What are the prime factors of 1064?
2, 7, 19
What are the prime factors of 214?
2, 107
What are the prime factors of 1797?
3, 599
What are the prime factors of 1116?
2, 3, 31
List the prime factors of 38498.
2, 19249
What are the prime factors of 107?
107
List the prime factors of 1458.
2, 3
What are the prime factors of 6755?
5, 7, 193
What are the prime factors of 1526?
2, 7, 109
List the prime factors of 58407.
3, 19469
What are the prime factors of 27571?
79, 349
List the prime factors of 1635.
3, 5, 109
What are the prime factors of 1570?
2, 5, 157
What are the prime factors of 3295?
5, 659
What are the prime factors of 2488?
2, 311
What are the prime factors of 12831?
3, 7, 13, 47
What are the prime factors of 112300?
2, 5, 1123
What are the prime factors of 109817?
193, 569
List the prime factors of 754.
2, 13, 29
What are the prime factors of 1252?
2, 313
What are the prime factors of 10858?
2, 61, 89
What are the prime factors of 5918?
2, 11, 269
What are the prime factors of 16676?
2, 11, 379
What are the prime factors of 1680?
2, 3, 5, 7
What are the prime factors of 84833?
7, 12119
What are the prime factors of 663?
3, 13, 17
List the prime factors of 55590.
2, 3, 5, 17, 109
What are the prime factors of 484?
2, 11
List the prime factors of 11852.
2, 2963
List the prime factors of 4329.
3, 13, 37
What are the prime factors of 594?
2, 3, 11
List the prime factors of 2547.
3, 283
What are the prime factors of 303?
3, 101
What are the prime factors of 5928?
2, 3, 13, 19
What are the prime factors of 12424?
2, 1553
What are the prime factors of 19916?
2, 13, 383
List the prime factors of 2077.
31, 67
What are the prime factors of 22912?
2, 179
What are the prime factors of 5886?
2, 3, 109
What are the prime factors of 728?
2, 7, 13
List the prime factors of 11246.
2, 5623
List the prime factors of 898.
2, 449
What are the prime factors of 11023?
73, 151
List the prime factors of 59720.
2, 5, 1493
List the prime factors of 33548.
2, 8387
What are the prime factors of 835?
5, 167
What are the prime factors of 1780?
2, 5, 89
What are the prime factors of 139?
139
List the prime factors of 52604.
2, 13151
List the prime factors of 5186.
2, 2593
List the prime factors of 26729.
26729
List the prime factors of 14792.
2, 43
What are the prime factors of 3292?
2, 823
List the prime factors of 958.
2, 479
List the prime factors of 1570.
2, 5, 157
What are the prime factors of 4559?
47, 97
What are the prime factors of 23623?
23623
What are the prime factors of 13748?
2, 7, 491
What are the prime factors of 1859?
11, 13
List the prime factors of 13943.
73, 191
What are the prime factors of 13534?
2, 67, 101
What are the prime factors of 14003?
11, 19, 67
List the prime factors of 4819.
61, 79
What are the prime factors of 3771?
3, 419
List the prime factors of 6675.
3, 5, 89
List the prime factors of 39640.
2, 5, 991
What are the prime factors of 26947?
26947
What are the prime factors of 20879?
20879
List the prime factors of 1458.
2, 3
What are the prime factors of 60703?
60703
What are the prime factors of 208?
2, 13
List the prime factors of 4918.
2, 2459
List the prime factors of 8362.
2, 37, 113
What are the prime factors of 40147?
19, 2113
List the prime factors of 4315.
5, 863
What are the prime factors of 1040?
2, 5, 13
List the prime factors of 60642.
2, 3, 1123
What are the prime factors of 3841?
23, 167
What are the prime factors of 31164?
2, 3, 7, 53
List the prime factors of 9732.
2, 3, 811
What are the prime factors of 324?
2, 3
What are the prime factors of 1326?
2, 3, 13, 17
What are the prime factors of 15395?
5, 3079
List the prime factors of 4102.
2, 7, 293
What are the prime factors of 1642?
2, 821
List the prime factors of 5771.
29, 199
What are the prime factors of 3833?
3833
List the prime factors of 6865.
5, 1373
List the prime factors of 54878.
2, 23, 1193
List the prime factors of 23195.
5, 4639
What are the prime factors of 5105?
5, 1021
What are the prime factors of 67684?
2, 16921
List the prime factors of 1832.
2, 229
List the prime factors of 5804.
2, 1451
What are the prime factors of 15?
3, 5
What are the prime factors of 90505?
5, 23, 787
List the prime factors of 240.
2, 3, 5
What are the prime factors of 3712?
2, 29
What are the prime factors of 15955?
5, 3191
List the prime factors of 953.
953
What are the prime factors of 7952?
2, 7, 71
What are the prime factors of 285?
3, 5, 19
List the prime factors of 2024.
2, 11, 23
List the prime factors of 1247.
29, 43
List the prime factors of 5174.
2, 13, 199
List the prime factors of 433.
433
What are the prime factors of 5120?
2, 5
List the prime factors of 9457.
7, 193
What are the prime factors of 60?
2, 3, 5
List the prime factors of 28622.
2, 11, 1301
List the prime factors of 2713.
2713
What are the prime factors of 227?
227
What are the prime factors of 1080?
2, 3, 5
List the prime factors of 57212.
2, 14303
List the prime factors of 11055.
3, 5, 11, 67
List the prime factors of 8752.
2, 547
What are the prime factors of 698?
2, 349
What are the prime factors of 342?
2, 3, 19
List the prime factors of 2728.
2, 11, 31
What are the prime factors of 25940?
2, 5, 1297
List the prime factors of 24542.
2, 7, 1753
List the prime factors of 16802.
2, 31, 271
List the prime factors of 78816.
2, 3, 821
What are the prime factors of 3123?
3, 347
What are the prime factors of 17130?
2, 3, 5, 571
What are the prime factors of 717?
3, 239
What are the prime factors of 20597?
43, 479
What are the prime factors of 6732?
2, 3, 11, 17
List the prime factors of 120577.
120577
What are the prime factors of 3396?
2, 3, 283
What are the prime factors of 7743?
3, 29, 89
What are the prime factors of 5020?
2, 5, 251
What are the prime factors of 118354?
2, 17, 59
List the prime factors of 4105.
5, 821
List the prime factors of 23669.
23669
What are the prime factors of 1598?
2, 17, 47
What are the prime factors of 361?
19
List the prime factors of 2666.
2, 31, 43
List the prime factors of 2152.
2, 269
List the prime factors of 24127.
23, 1049
List the prime factors of 3727.
3727
List the prime factors of 12556.
2, 43, 73
List the prime factors of 8745.
3, 5, 11, 53
What are the prime factors of 45180?
2, 3, 5, 251
List the prime factors of 102946.
2, 51473
What are the prime factors of 20083?
7, 19, 151
List the prime factors of 13653.
3, 37, 41
List the prime factors of 18835.
5, 3767
What are the prime factors of 84578?
2, 13, 3253
List the prime factors of 693.
3, 7, 11
What are the prime factors of 2268?
2, 3, 7
List the prime factors of 1933.
1933
List the prime factors of 30558.
2, 3, 11, 463
List the prime factors of 9736.
2, 1217
What are the prime factors of 1879?
1879
What are the prime factors of 24432?
2, 3, 509
What are the prime facto